the tens digit of 60667?
6
What is the thousands digit of 52822?
2
What is the tens digit of 1211?
1
What is the tens digit of 1088?
8
What is the tens digit of 785?
8
What is the thousands digit of 82907?
2
What is the units digit of 321?
1
What is the ten thousands digit of 101982?
0
What is the hundreds digit of 10563?
5
What is the tens digit of 927?
2
What is the thousands digit of 9727?
9
What is the thousands digit of 10010?
0
What is the tens digit of 16615?
1
What is the units digit of 89?
9
What is the units digit of 23?
3
What is the hundreds digit of 6856?
8
What is the units digit of 7227?
7
What is the hundreds digit of 1501?
5
What is the tens digit of 3747?
4
What is the thousands digit of 11222?
1
What is the thousands digit of 108874?
8
What is the tens digit of 595?
9
What is the thousands digit of 1445?
1
What is the tens digit of 29409?
0
What is the thousands digit of 106667?
6
What is the units digit of 3555?
5
What is the units digit of 6009?
9
What is the hundreds digit of 39128?
1
What is the units digit of 8437?
7
What is the tens digit of 33610?
1
What is the hundreds digit of 7151?
1
What is the tens digit of 2260?
6
What is the ten thousands digit of 20802?
2
What is the thousands digit of 8829?
8
What is the hundreds digit of 1250?
2
What is the thousands digit of 1320?
1
What is the hundreds digit of 65341?
3
What is the hundreds digit of 670?
6
What is the tens digit of 877?
7
What is the tens digit of 16848?
4
What is the units digit of 56695?
5
What is the tens digit of 83691?
9
What is the units digit of 31025?
5
What is the thousands digit of 2739?
2
What is the thousands digit of 44799?
4
What is the thousands digit of 20921?
0
What is the units digit of 7757?
7
What is the units digit of 1397?
7
What is the tens digit of 5039?
3
What is the units digit of 2694?
4
What is the hundreds digit of 59983?
9
What is the hundreds digit of 3751?
7
What is the units digit of 5920?
0
What is the ten thousands digit of 35277?
3
What is the thousands digit of 82285?
2
What is the tens digit of 8565?
6
What is the tens digit of 7539?
3
What is the ten thousands digit of 116208?
1
What is the thousands digit of 59497?
9
What is the tens digit of 650?
5
What is the tens digit of 95816?
1
What is the units digit of 653?
3
What is the hundreds digit of 1482?
4
What is the tens digit of 94514?
1
What is the tens digit of 76799?
9
What is the tens digit of 48042?
4
What is the units digit of 122?
2
What is the tens digit of 2243?
4
What is the units digit of 906?
6
What is the tens digit of 21705?
0
What is the units digit of 81?
1
What is the units digit of 23337?
7
What is the units digit of 10939?
9
What is the thousands digit of 5112?
5
What is the hundreds digit of 1751?
7
What is the tens digit of 41177?
7
What is the hundreds digit of 5102?
1
What is the hundreds digit of 37459?
4
What is the hundreds digit of 36306?
3
What is the hundreds digit of 2252?
2
What is the tens digit of 9876?
7
What is the hundreds digit of 164?
1
What is the tens digit of 32624?
2
What is the tens digit of 294?
9
What is the hundreds digit of 809?
8
What is the units digit of 5283?
3
What is the tens digit of 1253?
5
What is the ten thousands digit of 57571?
5
What is the tens digit of 3957?
5
What is the ten thousands digit of 34932?
3
What is the units digit of 20098?
8
What is the ten thousands digit of 16670?
1
What is the tens digit of 6762?
6
What is the hundreds digit of 5626?
6
What is the units digit of 7892?
2
What is the units digit of 99?
9
What is the units digit of 23726?
6
What is the hundreds digit of 1362?
3
What is the tens digit of 993?
9
What is the hundreds digit of 6022?
0
What is the hundreds digit of 1494?
4
What is the tens digit of 18370?
7
What is the ten thousands digit of 10185?
1
What is the thousands digit of 10113?
0
What is the tens digit of 97009?
0
What is the tens digit of 2058?
5
What is the units digit of 145604?
4
What is the thousands digit of 4251?
4
What is the tens digit of 810?
1
What is the tens digit of 19422?
2
What is the thousands digit of 4149?
4
What is the units digit of 1528?
8
What is the tens digit of 504?
0
What is the tens digit of 3426?
2
What is the tens digit of 16920?
2
What is the tens digit of 881?
8
What is the hundred thousands digit of 107006?
1
What is the tens digit of 2463?
6
What is the hundreds digit of 861?
8
What is the units digit of 3034?
4
What is the tens digit of 1193?
9
What is the hundreds digit of 21718?
7
What is the hundreds digit of 409?
4
What is the thousands digit of 44927?
4
What is the hundreds digit of 206?
2
What is the hundreds digit of 665?
6
What is the ten thousands digit of 12497?
1
What is the hundreds digit of 111050?
0
What is the thousands digit of 1276?
1
What is the hundreds digit of 82950?
9
What is the units digit of 1193?
3
What is the units digit of 639?
9
What is the tens digit of 24652?
5
What is the units digit of 6?
6
What is the thousands digit of 6379?
6
What is the tens digit of 21435?
3
What is the thousands digit of 11867?
1
What is the thousands digit of 6068?
6
What is the thousands digit of 3425?
3
What is the thousands digit of 1104?
1
What is the hundreds digit of 3456?
4
What is the hundreds digit of 87982?
9
What is the units digit of 19641?
1
What is the units digit of 3097?
7
What is the thousands digit of 33232?
3
What is the tens digit of 802?
0
What is the thousands digit of 4213?
4
What is the hundreds digit of 3307?
3
What is the hundreds digit of 667?
6
What is the units digit of 21158?
8
What is the hundreds digit of 23517?
5
What is the tens digit of 956?
5
What is the tens digit of 27720?
2
What is the ten thousands digit of 17896?
1
What is the hundreds digit of 2608?
6
What is the thousands digit of 21156?
1
What is the tens digit of 8383?
8
What is the units digit of 3533?
3
What is the hundreds digit of 1489?
4
What is the ten thousands digit of 55253?
5
What is the thousands digit of 95906?
5
What is the units digit of 10438?
8
What is the hundreds digit of 69656?
6
What is the tens digit of 101497?
9
What is the thousands digit of 13043?
3
What is the units digit of 26689?
9
What is the hundred thousands digit of 161252?
1
What is the hundreds digit of 922?
9
What is the tens digit of 33109?
0
What is the units digit of 15?
5
What is the tens digit of 2471?
7
What is the thousands digit of 7592?
7
What is the hundreds digit of 4569?
5
What is the hundreds digit of 8004?
0
What is the thousands digit of 5415?
5
What is the thousands digit of 21069?
1
What is the hundreds digit of 13777?
7
What is the thousands digit of 5828?
5
What is the hundreds digit of 893?
8
What is the tens digit of 46840?
4
What is the ten thousands digit of 90811?
9
What is the hundreds digit of 223?
2
What is the units digit of 5487?
7
What is the units digit of 9664?
4
What is the tens digit of 2759?
5
What is the tens digit of 12443?
4
What is the ten thousands digit of 29372?
2
What is the thousands digit of 85098?
5
What is the ten thousands digit of 10799?
1
What is the hundreds digit of 83862?
8
What is the units digit of 7900?
0
What is the hundreds digit of 80757?
7
What is the hundreds digit of 30810?
8
What is the units digit of 4974?
4
What is the thousands digit of 25332?
5
What is the units digit of 1166?
6
What is the ten thousands digit of 10285?
1
What is the ten thousands digit of 90490?
9
What is the units digit of 2643?
3
What is the hundreds digit of 267?
2
What is the units digit of 8754?
4
What is the hundreds digit of 776?
7
What is the units digit of 2112?
2
What is the units digit of 12182?
2
What is the ten thousands digit of 19664?
1
What is the tens digit of 1070?
7
What is the tens digit of 66588?
8
What is the tens digit of 3013?
1
What is the units digit of 4037?
7
What is the tens digit of 68?
6
What is the hundreds digit of 8221?
2
What is the units digit of 26297?
7
What is the tens digit of 5693?
9
What is the tens digit of 4161?
6
What is the hundreds digit of 1088?
0
What is the tens digit of 929?
2
What is the tens digit of 4296?
9
What is the units digit of 2062?
2
What is the units digit of 8841?
1
What is the units digit of 790?
0
What is the thousands digit of 1822?
1
What is the h